hen u is divided by 29.
27
Suppose 2*j - 5*z + 16 = 47, 13 = -4*j - 5*z. Suppose -v - 4*w + 8 = 1, j*w = -v + 5. Calculate the remainder when 13 is divided by (5/15)/(v/(-21)).
6
Let g(h) = 5*h**2 + 1. Suppose 5*z + 319 = 459. What is the remainder when g(-4) is divided by z?
25
Calculate the remainder when (260/15)/((-20)/(-6) - 3) is divided by 20.
12
Let s = 82 - 36. Calculate the remainder when s is divided by 24.
22
Let t(y) = -y**3 + 9*y**2 - 3. Let i be t(6). Calculate the remainder when (i/(-10))/(1/(-2)) is divided by 12.
9
Let d = 2 - 2. Suppose -3*u = -u, d = -2*l - u + 22. What is the remainder when l is divided by 3?
2
Let k be ((-2088)/(-32))/(2/32). What is the remainder when (k/(-45))/(4/(-10)) is divided by 30?
28
Let n(h) = 2*h - 4. Let v be (-3 + 2)/((-2)/(-12)). What is the remainder when n(3) is divided by (-11)/(-4) - v/(-8)?
0
Let a(y) = y - 8. Let h be a(8). Suppose h = 2*k - 72 + 20. What is the remainder when k is divided by 9?
8
Let b(r) = -4*r**3 + r**2 - 1. Calculate the remainder when b(-1) is divided by (3/(-4))/(3/(-12)).
1
Suppose -5*l + 220 = 5*r, 2*r + 4*l = -r + 130. What is the remainder when 135 is divided by r?
43
Let x = 1004 + -688. Let o = -203 + x. What is the remainder when o is divided by 29?
26
Suppose 0 = -13*t + 670 - 85. What is the remainder when 88 is divided by t?
43
Let t = 0 - 3. Let g be t*(4 - 3/(-3)). Let u = g + 21. What is the remainder when u is divided by 4?
2
Suppose 5*i - 2*i = 3*t - 180, -5*t - 4*i + 273 = 0. Calculate the remainder when t is divided by 10.
7
Suppose 8 - 28 = -2*s. What is the remainder when s is divided by 3?
1
Let w = -37 + 11. Let f = w - -79. Calculate the remainder when f is divided by 14.
11
Let x(h) = 2*h + 1. Let k be x(3). Let n = k + 0. What is the remainder when 19 is divided by n?
5
Let w(j) = 24*j + 9. Let g be w(4). Suppose 5*f - g = 2*f. What is the remainder when f is divided by 9?
8
Suppose -2*b + 459 = 7*b. What is the remainder when b is divided by 13?
12
Suppose -3*l + 4 = -2*l. Let b be (l + 2)*(-8)/(-3). Let n = b - 2. Calculate the remainder when 27 is divided by n.
13
Let t(q) = -4*q - 15. Let p be t(12). Let c be (-1 - 2)*p/27. Suppose -b + 20 = -4*k, -5 - c = 3*k. What is the remainder when 15 is divided by b?
3
Let y(q) = -q**3 - 6*q**2 - 2*q - 4. Let c(a) = a**3 - 2*a**2 + 4*a + 1. Let p be c(3). Let w = 37 - p. What is the remainder when w is divided by y(-6)?
7
Let r be (2 + -3 - 0)*17. Let l = -9 - r. Calculate the remainder when 14 is divided by l.
6
Let j = 91 - -57. Suppose j = -0*c + 4*c. What is the remainder when c is divided by 13?
11
Let g = 164 - 103. What is the remainder when 243 is divided by g?
60
What is the remainder when 68 is divided by (-3 - 0) + 15 + 2?
12
Let s(b) be the second derivative of 5*b**4/12 - b**3/3 - b**2/2 - 2*b. What is the remainder when s(3) is divided by 13?
12
Let t(d) = d**3 - 7*d**2 - d + 11. What is the remainder when t(8) is divided by 34?
33
Let s(q) = 5*q**2 - 10*q - 3. What is the remainder when s(7) is divided by 29?
27
Suppose 6*y - 2*y - 129 = -3*l, -3*l = -4*y + 159. Calculate the remainder when y is divided by 19.
17
Suppose 3 - 187 = -8*j. What is the remainder when j is divided by 5?
3
Let j = -34 - -67. What is the remainder when j is divided by 12?
9
Let r(f) = 2*f. Let j(s) = s. Let i(n) = 13*j(n) - 6*r(n). What is the remainder when -3 + -3*15/(-9) is divided by i(1)?
0
Suppose 69 = 4*f - 2*w + 3*w, -w = -2*f + 39. What is the remainder when f is divided by (-77)/(-11) - 6/(-2)?
8
Let u = -1 - -1. Suppose 0 = -4*h, -5*t = -u*h + 5*h - 55. Let l = -17 + 49. Calculate the remainder when l is divided by t.
10
Suppose -4*l - 4*i = -40, 0 = l + i - 6*i - 28. What is the remainder when l is divided by 5?
3
Let o(s) = -s**3 - 5*s**2 + 19*s + 7. What is the remainder when o(-8) is divided by 17?
13
Suppose 5*f + 15 = -0. Let u(g) = -6*g**2 - g + 3. Let i(n) = 7*n**2 + n - 4. Let s(h) = -2*i(h) - 3*u(h). What is the remainder when s(f) is divided by 17?
15
Suppose k = -3*n + 23, 0 = 3*k - 6*k - 3*n + 93. Calculate the remainder when k is divided by 19.
16
Let g(u) = 4*u**3 + u. Let w = -5 + 6. Let l be g(w). Suppose l*c - 74 = 21. What is the remainder when 55 is divided by c?
17
Suppose -4*s = -5 - 15. Let f(p) = -p**3 + 7*p**2 - 8*p + 4. Calculate the remainder when 54 is divided by f(s).
12
Suppose 4 = 2*u + 2, 3*d = -4*u + 115. Calculate the remainder when 71 is divided by d.
34
Let y be 8/20 + 28/5. Suppose u - y*u + 55 = 0. Calculate the remainder when u is divided by 4.
3
Let z = 11 + -1. Calculate the remainder when 19 is divided by z.
9
Calculate the remainder when -6*(2 + 0 + -3) is divided by 5 + (14/(-28))/((-2)/(-4)).
2
Let j(x) = 7*x**2 - x. Suppose 0 = -2*l + 2 - 0. Suppose -3*a + 3*i = -15, -a + 0*a - 2*i + 2 = 0. What is the remainder when j(l) is divided by a?
2
Suppose -2*a = 2*a + d - 25, 0 = -3*a + d + 10. Suppose v + a*g = 19 + 7, v - 4*g = -1. What is the remainder when v is divided by 6?
5
Suppose 3*a - 2*a = 5. Let g = 103 - 95. Calculate the remainder when g is divided by a.
3
Let c = -9 + 16. Suppose c*r - 4 = 3*r, -2*j - r = -71. Suppose 0 = 3*x - 4 - j. What is the remainder when 37 is divided by x?
11
Let f = -17 - -29. Let a(q) = q**2 - 5*q - 3. Calculate the remainder when a(9) is divided by f.
9
Let n(q) = -2*q - 28. What is the remainder when 223 is divided by n(-28)?
27
Let r = 67 + -62. What is the remainder when 44 is divided by r?
4
Let x(f) = -f + 1. Let g be x(-11). Suppose 11 = b - g. Let d(p) = 67*p**2 - p - 1. What is the remainder when d(-1) is divided by b?
21
Suppose 0 = 11*g - 3*g - 64. Calculate the remainder when g is divided by 6.
2
Suppose -b - 3*b + 36 = 0. Calculate the remainder when 33 is divided by b.
6
Let m be ((-1)/(-3)*0)/(-2). Suppose -2*w + m = -2. Suppose 2*x - 1 = w. What is the remainder when x is divided by 1?
0
Suppose 2*y + 44 = 4*y. What is the remainder when y is divided by 12?
10
Let n be (-4)/5*210/12. Let d = n - 7. Calculate the remainder when 96/7 + (-6)/d is divided by 8.
6
Suppose -2*v = -0*v - 52. Suppose 2*t + 4*w = -w + 7, v = 5*t + 4*w. What is the remainder when ((-352)/80)/((-4)/10) is divided by t?
5
Let h(j) = 2*j**2 - 3*j. Let d = 22 - 19. Calculate the remainder when 24 is divided by h(d).
6
Suppose f - 7 = 34. What is the remainder when f is divided by 11?
8
Suppose 270 + 25 = 5*f. What is the remainder when f is divided by 30?
29
Suppose 3*t + 14 = -2*t - b, 0 = -4*t - b - 11. Let k be ((-12)/t)/1*-1. Calculate the remainder when 30 is divided by (-1)/(-2) - 62/k.
14
Suppose 3*p + 2*h = 64, 2*h - 7*h - 47 = -4*p. Let q = 39 - p. Suppose -2*j + 7*j - 55 = 0. What is the remainder when q is divided by j?
10
Suppose 64 - 6 = 2*k. What is the remainder when k is divided by 11?
7
Calculate the remainder when 39 is divided by (-40)/(-12)*3/2.
4
Suppose 3*p - 33 = 4*a + 53, -5*p + 125 = -3*a. What is the remainder when p is divided by 5?
2
Let a = -177 - -205. Calculate the remainder when 52 is divided by a.
24
Let i(p) = p**3 - 3*p**2 - p - 3. Calculate the remainder when i(4) is divided by 42/(-315) - 77/(-15).
4
Suppose 2*b - 1 - 15 = 0. Let t be -5*(-1 + 2/5). Suppose k - 3*k - 28 = -h, t*h - 5*k - 81 = 0. Calculate the remainder when h is divided by b.
6
Let c be (8/4)/((-2)/(-4)). Let j(o) = -3*o - 2. Calculate the remainder when (19/3)/(c/12) is divided by j(-3).
5
Let k = 89 - 64. Suppose -4*p + k = p. Calculate the remainder when 13 is divided by p.
3
Let u(k) = -k - 4. Suppose -2*s = 8 + 10. What is the remainder when 7 is divided by u(s)?
2
Suppose -j - 5*v + 55 = 0, -2*j = 5*v - 58 - 27. Calculate the remainder when 118 is divided by j.
28
Suppose 3*z + 0*z = 0. Let p = z - -2. Suppose 4*x + 13 = 3*f, -6*f + f + 31 = -p*x. Calculate the remainder when f is divided by 3.
1
Let w be 10*(12/8)/3. Suppose 2*y = -3 + 23. Let x = y - w. Calculate the remainder when x is divided by 2.
1
Let j = -27 - -53. Calculate the remainder when 100 is divided by j.
22
Suppose 2*n - 3 = -4*g + g, 4*n = -3*g + 15. What is the remainder when n is divided by 2?
0
Let q(r) = r + 49. Suppose -3*k = 2*c - 10, -3*k = -0*c - 5*c + 25. Let a be q(k). Suppose -a = -3*l + 62. What is the remainder when l is divided by 1